13, 41, 113, 929
What are the prime factors of 3611499287?
11, 31, 1933, 5479
List the prime factors of 165395473.
165395473
List the prime factors of 345667873.
9437, 36629
List the prime factors of 474254734.
2, 1381, 171707
What are the prime factors of 1297725175?
5, 17, 19, 160709
List the prime factors of 281472544.
2, 41, 61, 3517
What are the prime factors of 14942247?
3, 4980749
List the prime factors of 214165337.
17, 12597961
List the prime factors of 468205283.
7, 13, 73, 70481
List the prime factors of 306658958.
2, 523, 293173
List the prime factors of 30166441.
31, 137, 7103
List the prime factors of 508132806.
2, 3, 43, 61, 83, 389
What are the prime factors of 1264679623?
17, 1319, 56401
List the prime factors of 556798145.
5, 23, 157, 30839
List the prime factors of 465115593.
3, 155038531
List the prime factors of 92232818.
2, 29, 1590221
What are the prime factors of 119566008?
2, 3, 31, 53569
What are the prime factors of 773487513?
3, 85943057
List the prime factors of 526717926.
2, 3, 7, 4180301
List the prime factors of 960673510.
2, 5, 6971, 13781
What are the prime factors of 28915366?
2, 14457683
List the prime factors of 810206186.
2, 4091, 99023
What are the prime factors of 875407927?
79, 11081113
What are the prime factors of 2956806?
2, 3, 164267
List the prime factors of 2976397511.
617, 4823983
List the prime factors of 330125414.
2, 17, 59, 164569
What are the prime factors of 5881046929?
17, 41, 103, 81919
List the prime factors of 73434156.
2, 3, 2027, 3019
What are the prime factors of 1647421240?
2, 5, 41185531
List the prime factors of 1202890154.
2, 139, 311, 13913
List the prime factors of 2673355122.
2, 3, 31, 89, 53831
List the prime factors of 5641546783.
59, 157, 227, 2683
List the prime factors of 5649321.
3, 17, 110771
What are the prime factors of 8760522358?
2, 7, 2557, 244721
What are the prime factors of 606707749?
89, 1187, 5743
List the prime factors of 114596581.
11, 19, 548309
What are the prime factors of 3747072508?
2, 23, 109, 373661
What are the prime factors of 532553202?
2, 3, 139, 212851
List the prime factors of 30227198.
2, 23, 657113
What are the prime factors of 1569402090?
2, 3, 5, 17, 19, 53987
List the prime factors of 352282302.
2, 3, 19571239
List the prime factors of 632010406.
2, 7187, 43969
What are the prime factors of 46043483?
46043483
List the prime factors of 240328106.
2, 2347, 51199
What are the prime factors of 55983799?
31, 947, 1907
List the prime factors of 4862570313.
3, 1620856771
What are the prime factors of 36042678?
2, 3, 7, 97, 983
What are the prime factors of 279205197?
3, 79, 277, 4253
List the prime factors of 2018583860.
2, 5, 29, 593, 5869
List the prime factors of 9015165.
3, 5, 43, 1553
What are the prime factors of 19768118?
2, 191, 51749
What are the prime factors of 44695308?
2, 3, 7, 47, 11321
List the prime factors of 3398564.
2, 13, 65357
List the prime factors of 6643211.
6643211
List the prime factors of 39603375.
3, 5, 7, 47, 107
List the prime factors of 69566231.
7, 202817
What are the prime factors of 925418600?
2, 5, 151, 30643
List the prime factors of 37062940.
2, 5, 163, 11369
List the prime factors of 36828530.
2, 5, 3682853
What are the prime factors of 1641682939?
13, 43, 2936821
List the prime factors of 1529411406.
2, 3, 254901901
List the prime factors of 809317755.
3, 5, 491, 36629
List the prime factors of 283493969.
11, 43, 599353
What are the prime factors of 32545549?
947, 34367
What are the prime factors of 103915250?
2, 5, 415661
List the prime factors of 392119743.
3, 130706581
List the prime factors of 120628317.
3, 40209439
List the prime factors of 42089929.
7, 6012847
What are the prime factors of 264519767?
19, 53, 262681
What are the prime factors of 5000863484?
2, 919, 1360409
List the prime factors of 92282586.
2, 3, 11, 79, 1609
List the prime factors of 4175573382.
2, 3, 449, 172217
List the prime factors of 231163255.
5, 131, 139, 2539
What are the prime factors of 4815175366?
2, 89, 27051547
What are the prime factors of 719745980?
2, 5, 41, 877739
What are the prime factors of 1173216592?
2, 73326037
What are the prime factors of 363794963?
7, 2111, 3517
What are the prime factors of 115223609?
2129, 54121
List the prime factors of 8784244756.
2, 7, 167, 1878581
List the prime factors of 259985827.
233, 769, 1451
What are the prime factors of 309110575?
5, 17, 53, 13723
List the prime factors of 347571728.
2, 7, 29, 113, 947
List the prime factors of 114561919.
23, 29, 171757
List the prime factors of 5337427191.
3, 41, 149, 179, 1627
List the prime factors of 1834961566.
2, 5231, 175393
What are the prime factors of 116425470?
2, 3, 5, 7, 79201
List the prime factors of 29954986.
2, 17, 881029
List the prime factors of 2773098.
2, 3, 154061
List the prime factors of 266533784.
2, 11, 31, 41, 2383
List the prime factors of 1178741.
19, 62039
List the prime factors of 1942323946.
2, 971161973
List the prime factors of 16308887.
7, 991, 2351
What are the prime factors of 1267488340?
2, 5, 63374417
List the prime factors of 3764062080.
2, 3, 5, 673, 971
What are the prime factors of 3733752885?
3, 5, 67, 881, 4217
What are the prime factors of 37535525?
5, 487, 3083
List the prime factors of 49224523.
49224523
List the prime factors of 41280266.
2, 20640133
What are the prime factors of 317398837?
7, 45342691
What are the prime factors of 117360928?
2, 17, 215737
List the prime factors of 141388391.
157, 900563
List the prime factors of 3027827305.
5, 71, 8529091
List the prime factors of 1599634054.
2, 19, 42095633
List the prime factors of 145591346.
2, 73, 997201
What are the prime factors of 8474179805?
5, 7, 13, 17, 53, 2953
What are the prime factors of 71083177?
11, 6462107
What are the prime factors of 203343126?
2, 3, 7, 383, 12641
List the prime factors of 1976365042.
2, 988182521
List the prime factors of 313922490.
2, 3, 5, 7, 1494869
List the prime factors of 22318657.
22318657
What are the prime factors of 30977769?
3, 37, 73, 3823
What are the prime factors of 54359965?
5, 11, 17, 47, 1237
List the prime factors of 430415280.
2, 3, 5, 263, 2273
List the prime factors of 62229396.
2, 3, 859, 6037
What are the prime factors of 97115386?
2, 48557693
What are the prime factors of 157833044?
2, 1999, 19739
List the prime factors of 116742362.
2, 11, 5306471
What are the prime factors of 3770572452?
2, 3, 181, 919, 1889
What are the prime factors of 19129624?
2, 17, 140659
List the prime factors of 200017286.
2, 7, 263, 54323
List the prime factors of 6592153547.
7, 101, 9324121
List the prime factors of 765524673.
3, 47, 1809751
What are the prime factors of 384956534?
2, 17, 11322251
What are the prime factors of 295972941?
3, 11, 17, 527581
List the prime factors of 202517396.
2, 17, 2978197
What are the prime factors of 3279352185?
3, 5, 67, 1087679
List the prime factors of 1339565.
5, 267913
List the prime factors of 583227672.
2, 3, 24301153
List the prime factors of 6509926074.
2, 3, 28411, 38189
List the prime factors of 824104416.
2, 3, 8584421
What are the prime factors of 383211386?
2, 191605693
List the prime factors of 3955975136.
2, 5231, 23633
List the prime factors of 229999171.
17, 53, 397, 643
What are the prime factors of 34267252?
2, 8566813
List the prime factors of 92233764.
2, 3, 7, 41, 79, 113
List the prime factors of 513005358.
2, 3, 19, 4500047
What are the prime factors of 78388359?
3, 7, 3732779
List the prime factors of 2696834835.
3, 5, 59, 89, 101, 113
List the prime factors of 134059631.
53, 157, 16111
List the prime factors of 2320807167.
3, 7, 73, 168211
What are the prime factors of 87478209?
3, 7, 13, 17, 61, 103
List the prime factors of 2916681966.
2, 3, 11, 4910239
What are the prime factors of 165944979?
3, 109, 169159
List the prime factors of 2427570883.
971, 1451, 1723
What are the prime factors of 48803752?
2, 29, 210361
What are the prime factors of 39975867?
3, 19, 233777
List the prime factors of 4282298406.
2, 3, 73, 3258979
List the prime factors of 2496502191.
3, 823, 1011139
What are the prime factors of 56892403?
19, 29, 79, 1307
List the prime factors of 112399663.
112399663
List the prime factors of 40877237.
3571, 11447
What are the pr